{"id":2819,"date":"2024-07-25T10:41:25","date_gmt":"2024-07-25T10:41:25","guid":{"rendered":"http:\/\/www.flyhukuk.com\/?page_id=2819"},"modified":"2024-08-06T09:28:30","modified_gmt":"2024-08-06T09:28:30","slug":"veri-saklama-ve-imha-politikasi","status":"publish","type":"page","link":"https:\/\/www.flyhukuk.com\/?page_id=2819","title":{"rendered":"Veri Saklama ve \u0130mha Politikas\u0131"},"content":{"rendered":"<p>[vc_row content_width=&#8221;grid&#8221; triangle_shape=&#8221;no&#8221;][vc_column][vc_column_text]<strong>K\u0130\u015e\u0130SEL VER\u0130LER\u0130 KORUMA KANUNU<\/strong><\/p>\n<p><strong>VE<\/strong><\/p>\n<p><strong>\u0130LG\u0130L\u0130 \u0130K\u0130NC\u0130L MEVZUAT GERE\u011e\u0130<\/strong><\/p>\n<p><strong>VER\u0130 SAKLAMA VE \u0130MHA POL\u0130T\u0130KASI METN\u0130<\/strong><\/p>\n<p>\u0130\u015fbu Veri Saklama ve \u0130mha Politikas\u0131, (bundan b\u00f6yle k\u0131saca \u201cPolitika\u201d olarak an\u0131lacakt\u0131r) <strong>AV. LAT\u0130FE CEREN YAVUZ <\/strong>(bundan b\u00f6yle k\u0131saca \u201cFLY HUKUK\u201d olarak an\u0131lacakt\u0131r), veri sorumlusu s\u0131fat\u0131yla elimizde bulundurdu\u011fumuz ki\u015fisel verilerin 6698 say\u0131l\u0131 Ki\u015fisel Verilerin Korunmas\u0131 Kanunu (bundan b\u00f6yle k\u0131saca \u201cKVKK\u201d olarak an\u0131lacakt\u0131r) ve sair mevzuat\u0131 uyar\u0131nca ki\u015fisel verilerin silinmesi, yok edilmesi veya anonim hale getirilmesine ili\u015fkin FLY HUKUK taraf\u0131ndan uygulanacak usul ve esaslar\u0131n belirlenmesi amac\u0131yla haz\u0131rlanm\u0131\u015ft\u0131r.<\/p>\n<p>Bu kapsamda, \u00e7al\u0131\u015fanlar\u0131m\u0131z\u0131n, \u00e7al\u0131\u015fan adaylar\u0131m\u0131z\u0131n, m\u00fcvekkillerimizin ve herhangi bir nedenle FLY HUKUK nezdinde ki\u015fisel verisi bulunan t\u00fcm ger\u00e7ek ki\u015filerin ki\u015fisel verileri Politika metni \u00e7er\u00e7evesinde kanunlara ve ikincil mevzuata uygun olarak y\u00f6netilmektedir.<\/p>\n<ol>\n<li><strong>VER\u0130 SORUMLUSU K\u0130ML\u0130\u011e\u0130<\/strong><\/li>\n<\/ol>\n<p>KVKK\u2019ya g\u00f6re, \u201cVeri Sorumlusu\u201d ki\u015fisel verilerin i\u015fleme ama\u00e7lar\u0131n\u0131 ve vas\u0131talar\u0131n\u0131 belirleyen, veri kay\u0131t sisteminin kurulmas\u0131ndan ve y\u00f6netilmesinden sorumlu olan ger\u00e7ek veya t\u00fczel ki\u015fiyi ifade etmekte olup, KVKK uyar\u0131nca muhatap veri sorumlusu<strong> AV. LAT\u0130FE CEREN YAVUZ\u2019dur.<\/strong><\/p>\n<p><strong>\u00a0<\/strong><\/p>\n<ol>\n<li><strong> LAT\u0130FE CEREN YAVUZ <\/strong><\/li>\n<\/ol>\n<p><strong>Adres\u00a0\u00a0\u00a0\u00a0\u00a0\u00a0\u00a0\u00a0\u00a0\u00a0\u00a0\u00a0\u00a0 :<\/strong> Mansuro\u011flu Mah. 284\/1 Sk. No:5\/1 Kat:1 Daire:2 Bayrakl\u0131\/\u0130zmir<\/p>\n<p><strong>Telefon\u00a0\u00a0\u00a0\u00a0\u00a0\u00a0\u00a0\u00a0\u00a0\u00a0\u00a0\u00a0\u00a0\u00a0\u00a0\u00a0\u00a0\u00a0\u00a0\u00a0\u00a0\u00a0 : <\/strong>0 (507) 929 06 29<\/p>\n<p><strong>E-mail\u00a0\u00a0\u00a0\u00a0\u00a0\u00a0\u00a0\u00a0\u00a0\u00a0\u00a0\u00a0 :<\/strong> kvkk@flyhukuk.com<\/p>\n<p><strong>\u00a0<\/strong><\/p>\n<p><strong>TANIMLAR<\/strong><\/p>\n<p><strong>Al\u0131c\u0131 grubu:<\/strong> Veri sorumlusu taraf\u0131ndan ki\u015fisel verilerin aktar\u0131ld\u0131\u011f\u0131 ger\u00e7ek veya t\u00fczel ki\u015fi kategorisini,<\/p>\n<p><strong>\u0130lgili kullan\u0131c\u0131:<\/strong> Verilerin teknik olarak depolanmas\u0131, korunmas\u0131 ve yedeklenmesinden sorumlu olan ki\u015fi ya da birim hari\u00e7 olmak \u00fczere veri sorumlusu organizasyonu i\u00e7erisinde veya veri sorumlusundan ald\u0131\u011f\u0131 yetki ve talimat do\u011frultusunda ki\u015fisel verileri i\u015fleyen ki\u015fileri,<\/p>\n<p><strong>Ki\u015fisel Verilerin Anonim Hale Getirilmesi:<\/strong> Ki\u015fisel verilerin, ba\u015fka verilerle e\u015fle\u015ftirilerek dahi hi\u00e7bir surette kimli\u011fi belirli veya belirlenebilir bir ger\u00e7ek ki\u015fiyle ili\u015fkilendirilemeyecek h\u00e2le getirilmesini,<\/p>\n<p><strong>Ki\u015fisel Verilerin Silinmesi:<\/strong> Ki\u015fisel verilerin silinmesi; ki\u015fisel verilerin \u0130lgili Kullan\u0131c\u0131lar i\u00e7in hi\u00e7bir \u015fekilde eri\u015filemez ve tekrar kullan\u0131lamaz hale getirilmesini,<\/p>\n<p><strong>Ki\u015fisel Verilerin Yok Edilmesi:<\/strong> Ki\u015fisel verilerin hi\u00e7 kimse taraf\u0131ndan hi\u00e7bir \u015fekilde eri\u015filemez, geri getirilemez ve tekrar kullan\u0131lamaz hale getirilmesi i\u015flemini,<\/p>\n<p><strong>Kay\u0131t Ortam\u0131:<\/strong> Tamamen veya k\u0131smen otomatik olan ya da herhangi bir veri kay\u0131t sisteminin par\u00e7as\u0131 olmak kayd\u0131yla otomatik olmayan yollarla i\u015flenen ki\u015fisel verilerin bulundu\u011fu her t\u00fcrl\u00fc ortam\u0131,<\/p>\n<p><strong>Ki\u015fisel Veri \u0130\u015fleme\u00a0Envanteri:<\/strong> Veri sorumlular\u0131n\u0131n i\u015f s\u00fcre\u00e7lerine ba\u011fl\u0131 olarak ger\u00e7ekle\u015ftirmekte olduklar\u0131 ki\u015fisel veri i\u015fleme faaliyetlerini; ki\u015fisel veri i\u015fleme ama\u00e7lar\u0131 ve hukuki sebebi, veri kategorisi, aktar\u0131lan al\u0131c\u0131 grubu ve veri konusu ki\u015fi grubuyla ili\u015fkilendirerek olu\u015fturduklar\u0131 ve ki\u015fisel verilerin i\u015flendikleri ama\u00e7lar i\u00e7in gerekli olan azami muhafaza edilme s\u00fcresini, yabanc\u0131 \u00fclkelere aktar\u0131m\u0131 \u00f6ng\u00f6r\u00fclen ki\u015fisel verileri ve veri g\u00fcvenli\u011fine ili\u015fkin al\u0131nan tedbirleri a\u00e7\u0131klayarak detayland\u0131rd\u0131klar\u0131 envanteri,<\/p>\n<p><strong>Ki\u015fisel Veri Saklama ve \u0130mha Politikas\u0131:<\/strong> Veri sorumlular\u0131n\u0131n, ki\u015fisel verilerin i\u015flendikleri ama\u00e7 i\u00e7in gerekli olan azami s\u00fcreyi belirleme i\u015flemi ile silme, yok etme ve anonim hale getirme i\u015flemi i\u00e7in dayanak yapt\u0131klar\u0131 politikay\u0131,<\/p>\n<p><strong>Periyodik \u0130mha:<\/strong> KVKK\u2019da yer alan ki\u015fisel verilerin i\u015flenme \u015fartlar\u0131n\u0131n tamam\u0131n\u0131n ortadan kalkmas\u0131 durumunda ki\u015fisel verileri saklama ve imha politikas\u0131nda belirtilen ve tekrar eden aral\u0131klarla resen ger\u00e7ekle\u015ftirilecek silme, yok etme veya anonim hale getirme i\u015flemini,<\/p>\n<p><strong>Veri Kay\u0131t Sistemi:<\/strong> Ki\u015fisel verilerin belirli kriterlere g\u00f6re yap\u0131land\u0131r\u0131larak i\u015flendi\u011fi kay\u0131t sistemini,<\/p>\n<p><strong>Veri Sorumlusu:<\/strong> Ki\u015fisel verilerin i\u015fleme ama\u00e7lar\u0131n\u0131 ve vas\u0131talar\u0131n\u0131 belirleyen, veri kay\u0131t sisteminin kurulmas\u0131ndan ve y\u00f6netilmesinden sorumlu olan <strong>AV. LAT\u0130FE CEREN YAVUZ<\/strong>\u2019u ifade etmektedir.<\/p>\n<ol start=\"2\">\n<li><strong>\u0130LKELER<\/strong><\/li>\n<\/ol>\n<p>FLY HUKUK taraf\u0131ndan ki\u015fisel verilerin saklanmas\u0131 ve imhas\u0131nda a\u015fa\u011f\u0131da yer alan ilkeler \u00e7er\u00e7evesinde hareket edilmektedir:<\/p>\n<ul>\n<li>Ki\u015fisel verilerin silinmesi, yok edilmesi ve anonim hale getirilmesinde KVKK\u2019ya ve ilgili mevzuat h\u00fck\u00fcmlerine, Kurul kararlar\u0131na ve i\u015fbu Politika\u2019ya tamamen uygun hareket edilmektedir.<\/li>\n<li>Ki\u015fisel verilerin silinmesi, yok edilmesi, anonim hale getirilmesiyle ilgili yap\u0131lan t\u00fcm i\u015flemler FLY HUKUK taraf\u0131ndan kay\u0131t alt\u0131na al\u0131nmakta ve s\u00f6z konusu kay\u0131tlar, di\u011fer hukuki y\u00fck\u00fcml\u00fcl\u00fckler hari\u00e7 olmak \u00fczere en az 3 (\u00fc\u00e7) y\u0131l s\u00fcreyle saklanmaktad\u0131r.<\/li>\n<li>Kurul taraf\u0131ndan aksine bir karar al\u0131nmad\u0131k\u00e7a, ki\u015fisel verileri re\u2019sen silme, yok etme veya anonim hale getirme y\u00f6ntemlerinden uygun olan\u0131 taraf\u0131m\u0131zca se\u00e7ilmektedir. Ancak, \u0130lgili Ki\u015fi\u2019nin ba\u015fvurusu ile talebi halinde uygun y\u00f6ntem gerek\u00e7esi a\u00e7\u0131klanarak se\u00e7ilecektir.<\/li>\n<li>KVKK\u2019n\u0131n 5. ve 6. maddelerinde yer alan ki\u015fisel verilerin i\u015flenme \u015fartlar\u0131n\u0131n tamam\u0131n\u0131n ortadan kalkmas\u0131 halinde, ki\u015fisel veriler FLY HUKUK taraf\u0131ndan re\u2019sen veya \u0130lgili Ki\u015fi\u2019nin ba\u015fvurusu ile talebi \u00fczerine silinmekte, yok edilmekte veya anonim hale getirilmektedir. Bu hususta \u0130lgili Ki\u015fi taraf\u0131ndan FLY HUKUK\u2019a ba\u015fvurulmas\u0131 halinde;\n<ul>\n<li>\u0130letilen ba\u015fvuru ile talepler en ge\u00e7 30 (otuz) g\u00fcn i\u00e7erisinde cevapland\u0131r\u0131lmaktad\u0131r.<\/li>\n<li>Ba\u015fvuru ve talebe konu verilerin \u00fc\u00e7\u00fcnc\u00fc ki\u015filere aktar\u0131lm\u0131\u015f olmas\u0131 durumunda, bu durum verilerin aktar\u0131ld\u0131\u011f\u0131 \u00fc\u00e7\u00fcnc\u00fc ki\u015fiye bildirilmekte ve \u00fc\u00e7\u00fcnc\u00fc ki\u015filer nezdinde gerekli i\u015flemlerin yap\u0131lmas\u0131 temin edilmektedir.<\/li>\n<\/ul>\n<\/li>\n<\/ul>\n<ol start=\"3\">\n<li><strong>SAKLAMA VE \u0130MHAYI GEREKT\u0130REN SEBEPLERE \u0130L\u0130\u015eK\u0130N A\u00c7IKLAMALAR<\/strong><\/li>\n<\/ol>\n<p>Veri sahiplerine ait ki\u015fisel veriler, FLY HUKUK taraf\u0131ndan \u00f6zellikle (i) m\u00fcvekkil faaliyetlerin s\u00fcrd\u00fcr\u00fclebilmesi, (ii) hukuki y\u00fck\u00fcml\u00fcl\u00fcklerin yerine getirilebilmesi, (iii) \u00e7al\u0131\u015fan haklar\u0131n\u0131n ve yan haklar\u0131n\u0131n planlanmas\u0131 ve ifas\u0131 i\u00e7in KVKK ve di\u011fer ilgili ikincil mevzuatta belirtilen s\u0131n\u0131rlar \u00e7er\u00e7evesinde saklanmaktad\u0131r.<\/p>\n<p>Saklamay\u0131 gerektiren sebepler a\u015fa\u011f\u0131daki gibidir:<\/p>\n<ul>\n<li>Ki\u015fisel verilerin s\u00f6zle\u015fmelerin kurulmas\u0131 ve ifas\u0131 ile do\u011frudan do\u011fruya ilgili olmas\u0131 nedeniyle saklanmas\u0131,<\/li>\n<li>Ki\u015fisel verilerin bir hakk\u0131n tesisi, kullan\u0131lmas\u0131 veya korunmas\u0131 amac\u0131yla saklanmas\u0131,<\/li>\n<li>Ki\u015fisel verilerin ki\u015filerin temel hak ve \u00f6zg\u00fcrl\u00fcklerine zarar vermemek kayd\u0131yla FLY HUKUK\u2019un me\u015fru menfaatleri i\u00e7in saklanmas\u0131n\u0131n zorunlu olmas\u0131,<\/li>\n<li>Ki\u015fisel verilerin FLY HUKUK\u2019un herhangi bir hukuki y\u00fck\u00fcml\u00fcl\u00fc\u011f\u00fcn\u00fc yerine getirmesi amac\u0131yla saklanmas\u0131,<\/li>\n<li>Mevzuatta ki\u015fisel verilerin saklanmas\u0131n\u0131n a\u00e7\u0131k\u00e7a \u00f6ng\u00f6r\u00fclmesi,<\/li>\n<li>Veri sahiplerinin a\u00e7\u0131k r\u0131zas\u0131n\u0131n al\u0131nmas\u0131n\u0131 gerektiren saklama faaliyetleri a\u00e7\u0131s\u0131ndan veri sahiplerinin a\u00e7\u0131k r\u0131zas\u0131n\u0131n bulunmas\u0131.<\/li>\n<\/ul>\n<p>Y\u00f6netmelik uyar\u0131nca, a\u015fa\u011f\u0131da say\u0131lan hallerde veri sahiplerine ait ki\u015fisel veriler, FLY HUKUK taraf\u0131ndan resen yahut talep \u00fczerine silinir, yok edilir veya anonim hale getirilir:<\/p>\n<ul>\n<li>Ki\u015fisel verilerin i\u015flenmesine veya saklanmas\u0131na esas te\u015fkil eden ilgili mevzuat h\u00fck\u00fcmlerinin de\u011fi\u015ftirilmesi veya ilgas\u0131 sebebiyle gerekli olmas\u0131 hali,<\/li>\n<li>Ki\u015fisel verilerin i\u015flenmesini veya saklanmas\u0131n\u0131 gerektiren amac\u0131n ortadan kalkmas\u0131,<\/li>\n<li>KVKK\u2019n\u0131n 5. ve 6. maddelerindeki ki\u015fisel verilerin i\u015flenmesini gerektiren \u015fartlar\u0131n ortadan kalkmas\u0131,<\/li>\n<li>Ki\u015fisel verileri i\u015flemenin sadece a\u00e7\u0131k r\u0131za \u015fart\u0131na istinaden ger\u00e7ekle\u015fti\u011fi hallerde, ilgili ki\u015finin r\u0131zas\u0131n\u0131 geri almas\u0131,<\/li>\n<li>\u0130lgili Ki\u015fi\u2019nin, KVKK\u2019n\u0131n 11. maddesindeki haklar\u0131 \u00e7er\u00e7evesinde ki\u015fisel verilerinin silinmesi, yok edilmesi veya anonim hale getirilmesine ili\u015fkin yapt\u0131\u011f\u0131 ba\u015fvurunun veri sorumlusu taraf\u0131ndan kabul edilmesi,<\/li>\n<li>Veri Sorumlusu\u2019nun, \u0130lgili Ki\u015fi taraf\u0131ndan ki\u015fisel verilerinin silinmesi, yok edilmesi veya anonim hale getirilmesi talebi ile kendisine yap\u0131lan ba\u015fvuruyu reddetmesi, verdi\u011fi cevab\u0131n yetersiz bulunmas\u0131 veya KVKK\u2019da \u00f6ng\u00f6r\u00fclen s\u00fcre i\u00e7inde cevap vermemesi hallerinde; Kurul\u2019a \u015fik\u00e2yette bulunulmas\u0131 ve bu talebin Kurul taraf\u0131ndan uygun bulunmas\u0131,<\/li>\n<li>Ki\u015fisel verilerin saklanmas\u0131n\u0131 gerektiren azami s\u00fcrenin ge\u00e7mi\u015f olmas\u0131na ra\u011fmen, ki\u015fisel verileri daha uzun s\u00fcre saklamay\u0131 hakl\u0131 k\u0131lacak herhangi bir \u015fart\u0131n mevcut olmas\u0131.<\/li>\n<\/ul>\n<ol start=\"4\">\n<li><strong>SAKLAMA VE \u0130MHA S\u00dcRELER\u0130 <\/strong><\/li>\n<\/ol>\n<p>FLY HUKUK taraf\u0131ndan KVKK ve di\u011fer ilgili ikincil mevzuat h\u00fck\u00fcmlerine uygun olarak elde edilen ki\u015fisel verilerinizin saklama ve imha s\u00fcrelerinin tespitinde a\u015fa\u011f\u0131da s\u0131ras\u0131yla belirtilen \u00f6l\u00e7\u00fctlerden yararlan\u0131lmaktad\u0131r:<\/p>\n<ul>\n<li>Mevzuatta s\u00f6z konusu ki\u015fisel verinin saklanmas\u0131na ili\u015fkin olarak bir s\u00fcre \u00f6ng\u00f6r\u00fclm\u00fc\u015f ise bu s\u00fcreye riayet edilir. An\u0131lan s\u00fcrenin sona ermesi akabinde veri hakk\u0131nda a\u015fa\u011f\u0131daki madde kapsam\u0131nda i\u015flem yap\u0131l\u0131r.<\/li>\n<li>S\u00f6z konusu ki\u015fisel verinin saklanmas\u0131na ili\u015fkin olarak mevzuatta \u00f6ng\u00f6r\u00fclen s\u00fcrenin sona ermesi veya ilgili mevzuatta s\u00f6z konusu verinin saklanmas\u0131na ili\u015fkin olarak herhangi bir s\u00fcre \u00f6ng\u00f6r\u00fclmemi\u015f olmas\u0131 durumunda s\u0131ras\u0131yla;\n<ul>\n<li>Ki\u015fisel veriler, KVKK\u2019n\u0131n 6. maddesinde yer alan tan\u0131mlama baz al\u0131narak, ki\u015fisel veriler ve \u00f6zel nitelikli ki\u015fisel veriler olarak s\u0131n\u0131fland\u0131rmaya tabi tutulur. \u0130mha edilmesi gereken verilerin imhas\u0131nda uygulanacak y\u00f6ntem verinin niteli\u011fi ve saklanmas\u0131n\u0131n FLY HUKUK nezdindeki \u00f6nem derecesine g\u00f6re belirlenir.<\/li>\n<li>Verinin saklanmas\u0131n\u0131n KVKK\u2019n\u0131n 4. maddesinde belirtilen ilkelere uygunlu\u011fu \u00f6rne\u011fin; verinin saklanmas\u0131nda FLY HUKUK\u2019un me\u015fru bir amac\u0131n\u0131n olup olmad\u0131\u011f\u0131 sorgulan\u0131r. Saklanmas\u0131n\u0131n KVKK\u2019n\u0131n 4. maddesinde yer alan ilkelere ayk\u0131r\u0131l\u0131k te\u015fkil edebilece\u011fi tespit edilen veriler silinir, yok edilir ya da anonim hale getirilir.<\/li>\n<li>Verinin saklanmas\u0131n\u0131n KVKK\u2019n\u0131n 5. ve 6. maddelerinde \u00f6ng\u00f6r\u00fclm\u00fc\u015f olan istisnalardan hangisi\/hangileri kapsam\u0131nda de\u011ferlendirilebilece\u011fi tespit edilir. Tespit edilen istisnalar \u00e7er\u00e7evesinde verilerin saklanmas\u0131 gereken makul s\u00fcreler tespit edilir. S\u00f6z konusu s\u00fcrelerin sona ermesi halinde veriler silinir, yok edilir ya da anonim hale getirilir.<\/li>\n<\/ul>\n<\/li>\n<\/ul>\n<p>Saklama s\u00fcresi dolan ki\u015fisel veriler, i\u015fbu Politika\u2019n\u0131n ekinde yer alan imha s\u00fcreleri \u00e7er\u00e7evesinde, 6 (alt\u0131) ayl\u0131k periyodlarla i\u015fbu Politika\u2019da yer verilen usullere uygun olarak anonim hale getirilir veya imha edilir. Ki\u015fisel verilerin silinmesi, yok edilmesi ve anonim hale getirilmesiyle ilgili yap\u0131lan b\u00fct\u00fcn i\u015flemler kay\u0131t alt\u0131na al\u0131n\u0131r ve s\u00f6z konusu kay\u0131tlar, di\u011fer hukuki y\u00fck\u00fcml\u00fcl\u00fckler hari\u00e7 olmak \u00fczere en az 3 (\u00fc\u00e7) y\u0131l s\u00fcreyle saklan\u0131r.<\/p>\n<ol start=\"5\">\n<li><strong>K\u0130\u015e\u0130SEL VER\u0130LER\u0130N SAKLANMASI VE \u0130MHASINA \u0130L\u0130\u015eK\u0130N USULLER, TEKN\u0130K VE \u0130DAR\u0130 TEDB\u0130RLER <\/strong><\/li>\n<\/ol>\n<p>FLY HUKUK\u2019un m\u00fcvekkil ili\u015fkileri kapsam\u0131nda yerine getirmesi gereken y\u00fck\u00fcml\u00fcl\u00fcklerini yerine getirebilmesi, bir hakk\u0131n tesisi i\u00e7in veri i\u015flemenin zorunlu olmas\u0131, m\u00fcvekkil hizmetleri, t\u00fcketici haklar\u0131 ve di\u011fer imk\u00e2nlardan istifade edebilmeniz ve\/veya bunlarla ilgili ticari mali hukuki sorumluluk ve y\u00fck\u00fcml\u00fcl\u00fcklerin yerine getirilebilmesi, FLY HUKUK\u2019un g\u00fcvenli\u011finin sa\u011flanmas\u0131 veya FLY HUKUK\u2019un me\u015fru ama\u00e7lar\u0131 i\u00e7in ki\u015fisel verilerinizin i\u015flenmesine gerek olmas\u0131 halinde toplan\u0131lacak olan ki\u015fisel veriler sisteme i\u015flenmektedir.<\/p>\n<p>Buna ek olarak dijital kopya \u015feklinde saklanan t\u00fcm veriler FLY HUKUK\u2019un g\u00fcvenli server\u2019\u0131na kaydedilmektedir.<br \/>\nKi\u015fisel verilerinizin g\u00fcvenli bir \u015fekilde saklanmas\u0131, hukuka ayk\u0131r\u0131 olarak i\u015flenmesi, eri\u015filmesinin \u00f6nlenmesi ve verilerin hukuka uygun olarak imha edilmesi amac\u0131yla KVKK\u2019n\u0131n 12. maddesindeki ilkeler \u00e7er\u00e7evesinde, FLY HUKUK taraf\u0131ndan al\u0131nm\u0131\u015f olan t\u00fcm idari ve teknik tedbirler a\u015fa\u011f\u0131da say\u0131lm\u0131\u015ft\u0131r:<\/p>\n<ol>\n<li><strong>\u0130dari Tedbirler<\/strong><\/li>\n<\/ol>\n<p>FLY HUKUK idari tedbirler kapsam\u0131nda;<\/p>\n<ul>\n<li>Saklanan ki\u015fisel verilere FLY HUKUK i\u00e7i eri\u015fimi i\u015f tan\u0131m\u0131 gere\u011fi eri\u015fmesi gerekli personel ile s\u0131n\u0131rland\u0131r\u0131r. Eri\u015fimin s\u0131n\u0131rland\u0131r\u0131lmas\u0131nda verinin \u00f6zel nitelikli olup olmad\u0131\u011f\u0131 ve \u00f6nem derecesi de dikkate al\u0131nmaktad\u0131r.<\/li>\n<li>\u0130\u015flenen ki\u015fisel verilerin hukuka ayk\u0131r\u0131 yollarla ba\u015fkalar\u0131 taraf\u0131ndan elde edilmesi h\u00e2linde, bu durumu en k\u0131sa s\u00fcrede ilgilisine ve Kurul\u2019a bildirilmektedir.<\/li>\n<li>Ki\u015fisel verilerin payla\u015f\u0131lmas\u0131 ile ilgili olarak, ki\u015fisel verilerin payla\u015f\u0131ld\u0131\u011f\u0131 ki\u015filer ile ki\u015fisel verilerin korunmas\u0131 ve veri g\u00fcvenli\u011fine ili\u015fkin \u00e7er\u00e7eve s\u00f6zle\u015fme imzalar yahut mevcut s\u00f6zle\u015fmesine eklenen h\u00fck\u00fcmler ile veri g\u00fcvenli\u011fini sa\u011flamaktad\u0131r.<\/li>\n<li>Ki\u015fisel verilerin i\u015flenmesi hakk\u0131nda bilgili ve deneyimli personel istihdam eder ve personeline ki\u015fisel verilerin korunmas\u0131 mevzuat\u0131 ve veri g\u00fcvenli\u011fi kapsam\u0131nda gerekli e\u011fitimleri vermektedir.<\/li>\n<li>Kendi t\u00fczel ki\u015fili\u011fi nezdinde KVKK h\u00fck\u00fcmlerinin uygulanmas\u0131n\u0131 sa\u011flamak amac\u0131yla gerekli denetimleri yapar ve yapt\u0131r\u0131r. Denetimler sonucunda ortaya \u00e7\u0131kan gizlilik ve g\u00fcvenlik zafiyetlerini gidermektedir.<\/li>\n<li>Ki\u015fisel verilerin bulundu\u011fu ortama g\u00f6re yeterli g\u00fcvenlik \u00f6nlemlerinin (elektrik ka\u00e7a\u011f\u0131, yang\u0131n, su bask\u0131n\u0131, h\u0131rs\u0131zl\u0131k vb. durumlara kar\u015f\u0131) al\u0131nmas\u0131n\u0131 sa\u011flar ve bu ortamlara yetkisiz giri\u015f \u00e7\u0131k\u0131\u015flar\u0131 engellemektedir.<\/li>\n<\/ul>\n<ol>\n<li><strong>Teknik Tedbirler<\/strong><\/li>\n<\/ol>\n<p>FLY HUKUK idari tedbirler kapsam\u0131nda;<\/p>\n<ul>\n<li>Kurulan sistemler kapsam\u0131nda gerekli i\u00e7 kontrolleri yapmaktad\u0131r.<\/li>\n<li>Kurulan sistemler kapsam\u0131nda bilgi teknolojileri risk de\u011ferlendirmesi ve i\u015f etki analizinin ger\u00e7ekle\u015ftirilmesi s\u00fcre\u00e7lerini y\u00fcr\u00fctmektedir.<\/li>\n<li>Verilerin kurum d\u0131\u015f\u0131na s\u0131zmas\u0131n\u0131 engelleyecek veya g\u00f6zlemleyecek teknik altyap\u0131n\u0131n temin edilmesini ve ilgili matrislerin olu\u015fturulmas\u0131n\u0131 sa\u011flamaktad\u0131r.<\/li>\n<li>D\u00fczenli olarak ve ihtiya\u00e7 olu\u015ftu\u011funda s\u0131zma testi hizmeti alarak sistem zafiyetlerinin kontrol\u00fcn\u00fc sa\u011flamaktad\u0131r.<\/li>\n<li>Bilgi teknolojileri birimlerinde \u00e7al\u0131\u015fanlar\u0131n ki\u015fisel verilere eri\u015fim yetkilerinin kontrol alt\u0131nda tutulmas\u0131n\u0131 sa\u011flamaktad\u0131r.<\/li>\n<li>Ki\u015fisel verilerin yok edilmesini geri d\u00f6n\u00fc\u015ft\u00fcr\u00fclemeyecek ve denetim izi b\u0131rakmayacak \u015fekilde sa\u011flamaktad\u0131r.<\/li>\n<li>KVKK\u2019n\u0131n 12. maddesi uyar\u0131nca, ki\u015fisel verilerin sakland\u0131\u011f\u0131 her t\u00fcrl\u00fc dijital ortam\u0131, bilgi g\u00fcvenli\u011fi gereksinimlerini sa\u011flayacak \u015fekilde \u015fifreli veya kriptografik y\u00f6ntemler ile korumaktad\u0131r.<\/li>\n<li>Verilerin bulundu\u011fu ortamlara ait g\u00fcvenlik g\u00fcncellemelerini s\u00fcrekli takip ederek gerekli g\u00fcvenlik testlerinin d\u00fczenli olarak yapt\u0131r\u0131lmas\u0131n\u0131 sa\u011flamaktad\u0131r.<\/li>\n<li>\u00d6zel nitelikli ki\u015fisel verilere bir yaz\u0131l\u0131m arac\u0131l\u0131\u011f\u0131 ile eri\u015filen durumlarda bu yaz\u0131l\u0131ma ait kullan\u0131c\u0131 yetkilendirmelerini yaparak bu yaz\u0131l\u0131mlar\u0131n g\u00fcvenlik testlerinin d\u00fczenli olarak yapt\u0131r\u0131lmas\u0131n\u0131 sa\u011flamaktad\u0131r.<\/li>\n<li>\u00d6zel nitelikli ki\u015fisel verilerin aktar\u0131ld\u0131\u011f\u0131 durumlarda;\n<ul>\n<li>Verilerin e-posta ile aktar\u0131lmas\u0131 gerekiyor ise bunlar\u0131n \u015fifreli olarak kurumsal e-posta adresiyle veya KEP hesab\u0131 kullan\u0131larak aktar\u0131lmas\u0131n\u0131,<\/li>\n<li>Verilerin ka\u011f\u0131t ortam\u0131nda aktar\u0131m\u0131 gerekiyorsa evrak\u0131n \u201cgizlilik dereceli belgeler\u201d format\u0131nda g\u00f6nderilmesini,<\/li>\n<\/ul>\n<\/li>\n<\/ul>\n<p>sa\u011flamaktad\u0131r.<\/p>\n<ol start=\"6\">\n<li><strong>POL\u0130T\u0130KANIN Y\u00dcR\u00dcRL\u00dc\u011eE SOKULMASI, \u0130HLAL DURUMLARI VE YAPTIRIMLAR <\/strong><\/li>\n<\/ol>\n<ul>\n<li>Politika, t\u00fcm \u00e7al\u0131\u015fanlara duyurularak y\u00fcr\u00fcrl\u00fc\u011fe girecek ve y\u00fcr\u00fcrl\u00fc\u011f\u00fc itibariyle t\u00fcm i\u015f birimleri, dan\u0131\u015fmanlar, d\u0131\u015f hizmet sa\u011flay\u0131c\u0131lar\u0131 ve ki\u015fisel veri i\u015fleyen herkes i\u00e7in ba\u011flay\u0131c\u0131 olacakt\u0131r.<\/li>\n<li>\u00c7al\u0131\u015fanlar\u0131n politikan\u0131n gereklerini yerine getirip getirmedi\u011finin takibi ilgili \u00e7al\u0131\u015fanlar\u0131n amirlerinin sorumlulu\u011funda olacakt\u0131r. Politika\u2019ya ayk\u0131r\u0131 davran\u0131\u015f tespit edildi\u011finde konu derhal ilgili \u00e7al\u0131\u015fan\u0131n amiri taraf\u0131ndan ba\u011fl\u0131 bulunan bir \u00fcst amire bildirilecektir.<\/li>\n<li>Politika\u2019ya ayk\u0131r\u0131 davranan \u00e7al\u0131\u015fan hakk\u0131nda, ilgili departman taraf\u0131ndan yap\u0131lacak de\u011ferlendirme sonras\u0131nda, ihlalin boyutuna g\u00f6re gerekli idari i\u015flem yap\u0131lacakt\u0131r.<\/li>\n<\/ul>\n<ol start=\"7\">\n<li><strong>\u0130LET\u0130\u015e\u0130M<\/strong><\/li>\n<li><strong> LAT\u0130FE CEREN YAVUZ <\/strong><\/li>\n<\/ol>\n<p><strong>Adres\u00a0\u00a0\u00a0\u00a0\u00a0\u00a0\u00a0\u00a0\u00a0\u00a0\u00a0\u00a0\u00a0 :<\/strong> Mansuro\u011flu Mah. 284\/1 Sk. No:5\/1 Kat:1 Daire:2 Bayrakl\u0131\/\u0130zmir<\/p>\n<p><strong>Telefon\u00a0\u00a0\u00a0\u00a0\u00a0\u00a0\u00a0\u00a0\u00a0\u00a0\u00a0\u00a0\u00a0\u00a0\u00a0\u00a0\u00a0\u00a0\u00a0\u00a0\u00a0\u00a0 : <\/strong>0 (507) 929 06 29<\/p>\n<p><strong>E-mail\u00a0\u00a0\u00a0\u00a0\u00a0\u00a0\u00a0\u00a0\u00a0\u00a0\u00a0\u00a0 :<\/strong> kvkk@flyhukuk.com[\/vc_column_text][\/vc_column][\/vc_row]<\/p>\n","protected":false},"excerpt":{"rendered":"<p>[vc_row content_width=&#8221;grid&#8221; triangle_shape=&#8221;no&#8221;][vc_column][vc_column_text]K\u0130\u015e\u0130SEL VER\u0130LER\u0130 KORUMA KANUNU VE \u0130LG\u0130L\u0130 \u0130K\u0130NC\u0130L MEVZUAT GERE\u011e\u0130 VER\u0130 SAKLAMA VE \u0130MHA POL\u0130T\u0130KASI METN\u0130 \u0130\u015fbu Veri Saklama ve \u0130mha Politikas\u0131, (bundan b\u00f6yle k\u0131saca \u201cPolitika\u201d olarak an\u0131lacakt\u0131r) AV. LAT\u0130FE CEREN YAVUZ (bundan b\u00f6yle k\u0131saca \u201cFLY HUKUK\u201d olarak an\u0131lacakt\u0131r), veri sorumlusu s\u0131fat\u0131yla elimizde bulundurdu\u011fumuz ki\u015fisel verilerin 6698 say\u0131l\u0131 Ki\u015fisel Verilerin Korunmas\u0131 Kanunu (bundan b\u00f6yle k\u0131saca \u201cKVKK\u201d olarak an\u0131lacakt\u0131r) ve sair mevzuat\u0131 uyar\u0131nca ki\u015fisel verilerin silinmesi, yok edilmesi veya anonim hale getirilmesine ili\u015fkin FLY HUKUK taraf\u0131ndan uygulanacak usul ve esaslar\u0131n belirlenmesi amac\u0131yla haz\u0131rlanm\u0131\u015ft\u0131r. Bu kapsamda, \u00e7al\u0131\u015fanlar\u0131m\u0131z\u0131n, \u00e7al\u0131\u015fan adaylar\u0131m\u0131z\u0131n, m\u00fcvekkillerimizin ve herhangi bir nedenle FLY HUKUK nezdinde ki\u015fisel verisi bulunan t\u00fcm&#8230;<\/p>\n","protected":false},"author":1,"featured_media":0,"parent":0,"menu_order":0,"comment_status":"closed","ping_status":"closed","template":"full-width.php","meta":{"footnotes":""},"class_list":["post-2819","page","type-page","status-publish","hentry"],"_links":{"self":[{"href":"https:\/\/www.flyhukuk.com\/index.php?rest_route=\/wp\/v2\/pages\/2819"}],"collection":[{"href":"https:\/\/www.flyhukuk.com\/index.php?rest_route=\/wp\/v2\/pages"}],"about":[{"href":"https:\/\/www.flyhukuk.com\/index.php?rest_route=\/wp\/v2\/types\/page"}],"author":[{"embeddable":true,"href":"https:\/\/www.flyhukuk.com\/index.php?rest_route=\/wp\/v2\/users\/1"}],"replies":[{"embeddable":true,"href":"https:\/\/www.flyhukuk.com\/index.php?rest_route=%2Fwp%2Fv2%2Fcomments&post=2819"}],"version-history":[{"count":5,"href":"https:\/\/www.flyhukuk.com\/index.php?rest_route=\/wp\/v2\/pages\/2819\/revisions"}],"predecessor-version":[{"id":2849,"href":"https:\/\/www.flyhukuk.com\/index.php?rest_route=\/wp\/v2\/pages\/2819\/revisions\/2849"}],"wp:attachment":[{"href":"https:\/\/www.flyhukuk.com\/index.php?rest_route=%2Fwp%2Fv2%2Fmedia&parent=2819"}],"curies":[{"name":"wp","href":"https:\/\/api.w.org\/{rel}","templated":true}]}}