{"id":2816,"date":"2024-07-25T10:39:26","date_gmt":"2024-07-25T10:39:26","guid":{"rendered":"http:\/\/www.flyhukuk.com\/?page_id=2816"},"modified":"2024-07-25T10:39:26","modified_gmt":"2024-07-25T10:39:26","slug":"aydinlatma-metni","status":"publish","type":"page","link":"https:\/\/www.flyhukuk.com\/?page_id=2816","title":{"rendered":"Ayd\u0131nlatma Metni"},"content":{"rendered":"<p>[vc_row content_width=&#8221;grid&#8221; triangle_shape=&#8221;no&#8221;][vc_column][vc_column_text]<strong>6698 SAYILI K\u0130\u015e\u0130SEL VER\u0130LER\u0130N KORUNMASI KANUNU<\/strong><\/p>\n<p><strong>UYARINCA<\/strong><\/p>\n<p><strong>K\u0130\u015e\u0130SEL VER\u0130LER\u0130N KORUNMASI VE \u0130\u015eLENMES\u0130 HAKKINDA<\/strong><\/p>\n<p><strong>AYDINLATMA METN\u0130<\/strong><\/p>\n<p>7 Nisan 2016 tarihinde Resm\u00ee Gazete\u2019de yay\u0131mlanarak Ki\u015fisel Verilerin Korunmas\u0131 Kanunu (bundan b\u00f6yle k\u0131saca \u201cKVKK\u201d olarak an\u0131lacakt\u0131r) y\u00fcr\u00fcrl\u00fc\u011fe girmi\u015ftir.<\/p>\n<p>Bu kanun kapsam\u0131nda, <strong>AV. LAT\u0130FE CEREN YAVUZ <\/strong>(bundan b\u00f6yle k\u0131saca \u201cFLY HUKUK\u201d olarak an\u0131lacakt\u0131r) olarak; ki\u015fisel verilerinizin g\u00fcvenli\u011fine ve mahremiyetine olduk\u00e7a \u00f6nem veriyor ve bu verilerinizi i\u015flemek ve muhafaza etmek i\u00e7in m\u00fcmk\u00fcn olan en \u00fcst seviyede g\u00fcvenlik tedbirlerini almaya \u00e7al\u0131\u015f\u0131yoruz. Ki\u015fisel verilerinizi, KVKK ve ilgili yasal mevzuat kapsam\u0131nda ve veri sorumlusu s\u0131fat\u0131m\u0131zla a\u015fa\u011f\u0131da a\u00e7\u0131klanan kapsamda i\u015flemekteyiz.<\/p>\n<p>Ki\u015fisel Verilerin \u0130\u015flenmesi Hakk\u0131nda Ayd\u0131nlatma Metni, (\u201cAyd\u0131nlatma Metni\u201d) KVKK\u2019 n\u0131n 10. maddesinde yer alan \u201cVeri Sorumlusu\u2019nun Ayd\u0131nlatma Y\u00fck\u00fcml\u00fcl\u00fc\u011f\u00fc\u201d ba\u015fl\u0131kl\u0131 maddesi uyar\u0131nca; veri sorumlusunun kimli\u011fi, ki\u015fisel verilerinizin toplanma y\u00f6ntemi ve hukuki sebebi, bu verilerin hangi ama\u00e7la i\u015flenece\u011fi, kimlere ve hangi ama\u00e7la aktar\u0131labilece\u011fi, veri i\u015fleme s\u00fcresi ve KVKK\u2019n\u0131n 11. Maddesinde say\u0131lan haklar\u0131n\u0131z\u0131n neler oldu\u011fu ile ilgili sizi en \u015feffaf \u015fekilde bilgilendirme amac\u0131yla haz\u0131rlanm\u0131\u015ft\u0131r. \u0130\u015fbu ayd\u0131nlatma metninde ki\u015fisel verileriniz i\u00e7in yap\u0131lan a\u00e7\u0131klamalar, \u00f6zel nitelikli ki\u015fisel verilerinizi de kapsamaktad\u0131r.<\/p>\n<ol>\n<li><strong>TANIMLAR<\/strong><\/li>\n<\/ol>\n<p><strong>Ki\u015fisel Veri:<\/strong> Kimli\u011fi belirli veya belirlenebilir ger\u00e7ek ki\u015fiye ili\u015fkin her t\u00fcrl\u00fc bilgiyi,<\/p>\n<p><strong>Ki\u015fisel Verilerin Korunmas\u0131 Kanunu (\u201cKVKK\u201d):<\/strong> 7 Nisan 2016 tarihinde Resmi Gazete\u2019de yay\u0131nlanarak y\u00fcr\u00fcrl\u00fc\u011fe giren 6698 say\u0131l\u0131 Ki\u015fisel Verilerin Korunmas\u0131 Kanunu\u2019nu,<\/p>\n<p><strong>Veri \u0130\u015fleyen:<\/strong> Veri sorumlusunun verdi\u011fi yetkiye dayanarak onun ad\u0131na Ki\u015fisel Verileri i\u015fleyen ger\u00e7ek veya t\u00fczel ki\u015fiyi,<\/p>\n<p><strong>Veri Sorumlusu:<\/strong> Ki\u015fisel verilerin i\u015fleme ama\u00e7lar\u0131n\u0131 ve vas\u0131talar\u0131n\u0131 belirleyen, veri kay\u0131t sisteminin kurulmas\u0131ndan ve y\u00f6netilmesinden sorumlu olan ger\u00e7ek veya t\u00fczel ki\u015fiyi,<\/p>\n<p>ifade eder.<\/p>\n<ol start=\"2\">\n<li><strong>VER\u0130 SORUMLUSU K\u0130ML\u0130\u011e\u0130<\/strong><\/li>\n<\/ol>\n<p>KVKK\u2019ya g\u00f6re, \u201cVeri Sorumlusu\u201d ki\u015fisel verilerin i\u015fleme ama\u00e7lar\u0131n\u0131 ve vas\u0131talar\u0131n\u0131 belirleyen, veri kay\u0131t sisteminin kurulmas\u0131ndan ve y\u00f6netilmesinden sorumlu olan ger\u00e7ek veya t\u00fczel ki\u015fiyi ifade etmekte olup, KVKK uyar\u0131nca muhatap veri sorumlusu AV. LAT\u0130FE CEREN YAVUZ<strong>\u2019dur<\/strong>.<\/p>\n<ol>\n<li><strong> LAT\u0130FE CEREN YAVUZ <\/strong><\/li>\n<\/ol>\n<p><strong>Adres\u00a0\u00a0\u00a0\u00a0\u00a0\u00a0\u00a0\u00a0\u00a0\u00a0\u00a0\u00a0\u00a0 :<\/strong> Mansuro\u011flu Mah. 284\/1 Sk. No:5\/1 Kat:1 Daire:2 Bayrakl\u0131\/\u0130zmir<\/p>\n<p><strong>Telefon\u00a0\u00a0\u00a0\u00a0\u00a0\u00a0\u00a0\u00a0\u00a0\u00a0\u00a0\u00a0\u00a0\u00a0\u00a0\u00a0\u00a0\u00a0\u00a0\u00a0\u00a0\u00a0 : <\/strong>0 (507) 929 06 29<\/p>\n<p><strong>E-mail\u00a0\u00a0\u00a0\u00a0\u00a0\u00a0\u00a0\u00a0\u00a0\u00a0\u00a0\u00a0 :<\/strong> kvkk@flyhukuk.com<\/p>\n<p><strong>\u00a0<\/strong><\/p>\n<p><strong>\u00a0<\/strong><\/p>\n<p><strong>K\u0130\u015e\u0130SEL VER\u0130LER\u0130N\u0130Z\u0130N TOPLANMA Y\u00d6NTEM\u0130 VE HUKUK\u0130 SEBEB\u0130<\/strong><\/p>\n<p>Ki\u015fisel verileriniz, FLY HUKUK ile aran\u0131zdaki ili\u015fkiye ba\u015fta hukuki dan\u0131\u015fmanl\u0131k, dava ve yasal s\u00fcre\u00e7 takibi, hukuki rapor haz\u0131rlanmas\u0131 ve sair hukuki hizmet i\u00e7in teklif sunulmas\u0131 ve\/veya FLY HUKUK ile dan\u0131\u015fmanl\u0131k s\u00f6zle\u015fmesi kurulmas\u0131 ve\/veya dan\u0131\u015fmanl\u0131k s\u00f6zle\u015fmesinin ifas\u0131 olmak \u00fczere, bunlara ba\u011fl\u0131 olarak de\u011fi\u015fkenlik g\u00f6sterebilmekle birlikte; otomatik ya da otomatik olmayan y\u00f6ntemlerle, FLY HUKUK ba\u011fl\u0131 birimleri, internet sitesi, sosyal medya mecralar\u0131, telefon, e-posta ve benzeri vas\u0131talarla s\u00f6zl\u00fc, yaz\u0131l\u0131 ya da elektronik olarak ya da i\u015f orta\u011f\u0131m\u0131z olan di\u011fer \u015firketlerle olan ili\u015fkilerimiz kapsam\u0131nda toplanmaktad\u0131r. Ki\u015fisel verileriniz, FLY HUKUK ile ili\u015fkiniz devam etti\u011fi m\u00fcddet\u00e7e olu\u015fturularak ve g\u00fcncellenerek i\u015flenebilecek ve hem dijital hem de fiziki ortamda muhafaza alt\u0131nda tutulabilecektir.<\/p>\n<p>Hizmetlerimize ili\u015fkin faturalama, muhasebesel raporlama; FLY HUKUK hizmetlerinin kalitesinin artt\u0131r\u0131lmas\u0131 ve denetlenmesinin sa\u011flanmas\u0131 ile FLY HUKUK hukuki, so\u0308zles\u0327mesel ve fiziki g\u00fcvenli\u011finin sa\u011flanmas\u0131 ama\u00e7lar\u0131 olmak \u00fczere, a\u015fa\u011f\u0131da yer alan ama\u00e7lar dahilinde i\u015flenmektedir;<\/p>\n<ul>\n<li>\u0130htiya\u00e7lar\u0131n\u0131z do\u011frultusunda talep etti\u011finiz hizmetlerin sunulmas\u0131, Ticari ve\/veya hukuki i\u015f stratejilerin planlanmas\u0131,<\/li>\n<li>Hukuk b\u00fcromuz b\u00fcnyesinde yap\u0131lan m\u00fcvekkil toplant\u0131lar\u0131, dan\u0131\u015fmanl\u0131k teklifleri, hukuki raporlar\u0131n haz\u0131rlanmas\u0131 ve sair hukuki hizmet i\u00e7in sunulan tekliflerin incelenmesi,<\/li>\n<li>Bilgi g\u00fcvenli\u011fi s\u00fcrecinin y\u00fcr\u00fct\u00fclmesi,<\/li>\n<li>Hukuki dan\u0131\u015fmanl\u0131k s\u00f6zle\u015fmesinin kurulmas\u0131 ve\/veya ifas\u0131,<\/li>\n<li>M\u00fcvekkil ili\u015fkileri s\u00fcre\u00e7lerinin y\u00fcr\u00fct\u00fclmesi,<\/li>\n<li>S\u00f6zle\u015fme s\u00fcre\u00e7lerinin y\u00fcr\u00fct\u00fclmesi ve ilgili belgeleri imzalayan taraflar\u0131n imza yetkilerinin tespiti ve kontrol\u00fc<\/li>\n<li>Her t\u00fcrl\u00fc i\u015f ve i\u015flemlerin sahiplerinin ve muhataplar\u0131n\u0131n belirlenmesinde gerekli kimlik, adres, vergi numaras\u0131 ve di\u011fer bilgilerin kayd\u0131, k\u00e2\u011f\u0131t \u00fczerinde veya elektronik ortamda d\u00fczenlenmesi,<\/li>\n<li>Yetkili Mahkeme, \u0130cra Dairesi, kurum ve\/veya kurulu\u015flara bilgi verilmesi,<br \/>\n\u0130\u015fe al\u0131m s\u00fcre\u00e7lerinde adaylar\u0131n de\u011ferlendirilmesi<\/li>\n<li>Hukuk d\u00fcnyas\u0131ndaki geli\u015fmeler ve yasal mevzuat g\u00fcncellemeleri hakk\u0131nda bilgi verilmesi,<\/li>\n<\/ul>\n<p>ama\u00e7lar\u0131 ile i\u015flenebilir.<\/p>\n<ul>\n<li>Hukuk B\u00fcromuz ile telefon g\u00f6r\u00fc\u015fmeleri yapt\u0131\u011f\u0131n\u0131z durumlarda m\u00fcvekkil veya kar\u015f\u0131 taraf\/icra bor\u00e7lusu ki\u015filer ile telefon yoluyla muhatap olan personelin performans\u0131n\u0131, \u00e7al\u0131\u015fma bi\u00e7imini ve KVKK\u2019ya uygunlu\u011funu denetleyebilmek ad\u0131na kay\u0131t al\u0131nmas\u0131.<\/li>\n<\/ul>\n<p>&nbsp;<\/p>\n<ol start=\"3\">\n<li><strong>KI\u0307S\u0327I\u0307SEL VERI\u0307LERI\u0307NI\u0307ZI\u0307N AKTARILDIG\u0306I TARAFLAR VE AKTARIM AMAC\u0327LARI <\/strong><\/li>\n<\/ol>\n<p>Toplanan kis\u0327isel verileriniz, Kanun\u2019da o\u0308ngo\u0308ru\u0308len temel ilkelere uygun olarak ve Kanun\u2019un 8. ve 9. maddelerinde belirtilen s\u0327artlar dahilinde, FLY HUKUK taraf\u0131ndan yukar\u0131da yer alan amac\u0327lar dog\u0306rultusunda, is\u0327 ortaklar\u0131m\u0131za, resmi kurum ve i\u015ftiraklerine, FLY HUKUK\u2019a hizmet veren arac\u0131 kurulus\u0327lar ile tedarikc\u0327ilerimize, kanunen yetkili kamu kurumlar\u0131na, yasal takip s\u00fcre\u00e7leriyle ilgili zorunlu ki\u015fi ve kurumlara ve yetkili gerc\u0327ek ve tu\u0308zel kis\u0327ilere aktar\u0131labilecektir.<\/p>\n<ol start=\"4\">\n<li><strong>K\u0130\u015e\u0130SEL VER\u0130 SAH\u0130B\u0130 OLARAK HAKLARINIZ<\/strong><\/li>\n<\/ol>\n<p>KVKK&#8217;n\u0131n 11. Maddesi gere\u011fi bize \u015fahsen, kimli\u011finizi ispat etmeniz kayd\u0131yla, ki\u015fisel verileriniz ile ilgili;<\/p>\n<ul>\n<li>FLY HUKUK hakk\u0131n\u0131zda ki\u015fisel veri i\u015fleyip i\u015flemedi\u011fini \u00f6\u011frenmek, e\u011fer i\u015flemi\u015fse, buna ili\u015fkin bilgi talep etmek,<\/li>\n<li>Ki\u015fisel verilerinizin i\u015flenme amac\u0131n\u0131 ve bunlar\u0131n amac\u0131na uygun kullan\u0131l\u0131p kullan\u0131lmad\u0131\u011f\u0131 \u00f6\u011frenmek,<\/li>\n<li>Ki\u015fisel verilerin yurti\u00e7i veya yurtd\u0131\u015f\u0131na aktar\u0131l\u0131p aktar\u0131lmad\u0131\u011f\u0131 ve kimlere aktar\u0131ld\u0131\u011f\u0131n\u0131 \u00f6\u011frenmek<\/li>\n<\/ul>\n<p>haklar\u0131na sahipsiniz.<\/p>\n<p>Ayr\u0131ca, FLY HUKUK yanl\u0131\u015f ve eksik ki\u015fisel verilerinizin d\u00fczeltilmesini ve verilerinin aktar\u0131ld\u0131\u011f\u0131 veya aktar\u0131lm\u0131\u015f olabilece\u011fi al\u0131c\u0131lar\u0131n bilgilendirilmesini talep etme hakk\u0131n\u0131z vard\u0131r.<\/p>\n<p>Ki\u015fisel verilerinizin KVKK\u2019n\u0131n 7. Maddesinde \u00f6ng\u00f6r\u00fclen \u015fartlar \u00e7er\u00e7evesinde verilerinizin imha edilmesini (silinmesini, imha edilmesini veya anonim hale getirilmesini) FLY HUKUK\u2019dan talep edebilirsiniz. Ayn\u0131 zamanda verilerin aktar\u0131ld\u0131\u011f\u0131 veya aktar\u0131labilece\u011fi \u00fc\u00e7\u00fcnc\u00fc ki\u015filerin s\u00f6z konusu imha talebiniz ile ilgili bilgilendirilmesini talep edebilirsiniz. Ancak imha talebinizi de\u011ferlendirerek hangi y\u00f6ntemin uygun oldu\u011fu somut olay\u0131n ko\u015fullar\u0131na g\u00f6re taraf\u0131m\u0131zca de\u011ferlendirilecektir. Bu ba\u011flamda se\u00e7ti\u011fimiz imha y\u00f6ntemini neden se\u00e7ti\u011fimiz ile ilgili bizden her zaman bilgi talep edebilirsiniz.<\/p>\n<p>M\u00fcnhas\u0131ran bir otomatik sistem kullan\u0131larak olu\u015fturulmu\u015f ki\u015fisel veri analizinizin sonu\u00e7lar\u0131na bu sonu\u00e7lar \u00e7\u0131karlar\u0131n\u0131za ayk\u0131r\u0131ysa itiraz edebilirsiniz.<\/p>\n<p>Ki\u015fisel verilerinizin kanuna ayk\u0131r\u0131 olarak i\u015flenmesi sebebiyle zarara u\u011framan\u0131z halinde zarar\u0131n giderilmesini talep edebilirsiniz.<\/p>\n<p>Ba\u015fvurunuzda yer alan talepleriniz, talebin niteli\u011fine g\u00f6re en ge\u00e7 otuz g\u00fcn i\u00e7inde \u00fccretsiz olarak sonu\u00e7land\u0131r\u0131lacakt\u0131r. Ancak, i\u015flemin FLY HUKUK i\u00e7in ayr\u0131ca bir maliyeti gerektirmesi h\u00e2linde, Ki\u015fisel Verileri Koruma Kurulu taraf\u0131ndan Veri Sorumlusuna Ba\u015fvuru Usul ve Esaslar\u0131 Hakk\u0131nda Tebli\u011f&#8217;de belirlenen tarifedeki \u00fccret al\u0131nabilir.<\/p>\n<p>Ki\u015fisel verilerinizin i\u015flenmesi ile ilgili hususlarda ba\u015fvurunuzu yaz\u0131l\u0131 olarak veya ileti\u015fim bilgilerimizdeki e-mail adresimizden, g\u00fcvenli elektronik imza, mobil imza ya da bize daha \u00f6nce bildirdi\u011finiz ve kay\u0131tlar\u0131m\u0131zda yer alan elektronik posta adresinizi kullanmak suretiyle FLY HUKUK\u2019a teslim etmeniz gerekmektedir. FLY HUKUK taraf\u0131ndan talebinizin mahiyetine ve ba\u015fvuru y\u00f6nteminize g\u00f6re FLY HUKUK taraf\u0131ndan ba\u015fvurunun size ait olup olmad\u0131\u011f\u0131n\u0131n belirlenmesi ve b\u00f6ylece haklar\u0131n\u0131z\u0131 koruyabilmek amac\u0131yla ek do\u011frulamalar istenebilir.<\/p>\n<ol start=\"5\">\n<li><strong>\u0130LET\u0130\u015e\u0130M B\u0130LG\u0130LER\u0130<\/strong><\/li>\n<li><strong> LAT\u0130FE CEREN YAVUZ <\/strong><\/li>\n<\/ol>\n<p><strong>Adres\u00a0\u00a0\u00a0\u00a0\u00a0\u00a0\u00a0\u00a0\u00a0\u00a0\u00a0\u00a0\u00a0 :<\/strong> Mansuro\u011flu Mah. 284\/1 Sk. No:5\/1 Kat:1 Daire:2 Bayrakl\u0131\/\u0130zmir<\/p>\n<p><strong>Telefon\u00a0\u00a0\u00a0\u00a0\u00a0\u00a0\u00a0\u00a0\u00a0\u00a0\u00a0\u00a0\u00a0\u00a0\u00a0\u00a0\u00a0\u00a0\u00a0\u00a0\u00a0\u00a0 : <\/strong>0 (507) 929 06 29<\/p>\n<p><strong>E-mail\u00a0\u00a0\u00a0\u00a0\u00a0\u00a0\u00a0\u00a0\u00a0\u00a0\u00a0\u00a0 :<\/strong> kvkk@flyhukuk.com<\/p>\n<p>[\/vc_column_text][\/vc_column][\/vc_row]<\/p>\n","protected":false},"excerpt":{"rendered":"<p>[vc_row content_width=&#8221;grid&#8221; triangle_shape=&#8221;no&#8221;][vc_column][vc_column_text]6698 SAYILI K\u0130\u015e\u0130SEL VER\u0130LER\u0130N KORUNMASI KANUNU UYARINCA K\u0130\u015e\u0130SEL VER\u0130LER\u0130N KORUNMASI VE \u0130\u015eLENMES\u0130 HAKKINDA AYDINLATMA METN\u0130 7 Nisan 2016 tarihinde Resm\u00ee Gazete\u2019de yay\u0131mlanarak Ki\u015fisel Verilerin Korunmas\u0131 Kanunu (bundan b\u00f6yle k\u0131saca \u201cKVKK\u201d olarak an\u0131lacakt\u0131r) y\u00fcr\u00fcrl\u00fc\u011fe girmi\u015ftir. Bu kanun kapsam\u0131nda, AV. LAT\u0130FE CEREN YAVUZ (bundan b\u00f6yle k\u0131saca \u201cFLY HUKUK\u201d olarak an\u0131lacakt\u0131r) olarak; ki\u015fisel verilerinizin g\u00fcvenli\u011fine ve mahremiyetine olduk\u00e7a \u00f6nem veriyor ve bu verilerinizi i\u015flemek ve muhafaza etmek i\u00e7in m\u00fcmk\u00fcn olan en \u00fcst seviyede g\u00fcvenlik tedbirlerini almaya \u00e7al\u0131\u015f\u0131yoruz. Ki\u015fisel verilerinizi, KVKK ve ilgili yasal mevzuat kapsam\u0131nda ve veri sorumlusu s\u0131fat\u0131m\u0131zla a\u015fa\u011f\u0131da a\u00e7\u0131klanan kapsamda i\u015flemekteyiz. Ki\u015fisel Verilerin \u0130\u015flenmesi Hakk\u0131nda Ayd\u0131nlatma Metni, (\u201cAyd\u0131nlatma Metni\u201d)&#8230;<\/p>\n","protected":false},"author":1,"featured_media":0,"parent":0,"menu_order":0,"comment_status":"closed","ping_status":"closed","template":"full-width.php","meta":{"footnotes":""},"class_list":["post-2816","page","type-page","status-publish","hentry"],"_links":{"self":[{"href":"https:\/\/www.flyhukuk.com\/index.php?rest_route=\/wp\/v2\/pages\/2816"}],"collection":[{"href":"https:\/\/www.flyhukuk.com\/index.php?rest_route=\/wp\/v2\/pages"}],"about":[{"href":"https:\/\/www.flyhukuk.com\/index.php?rest_route=\/wp\/v2\/types\/page"}],"author":[{"embeddable":true,"href":"https:\/\/www.flyhukuk.com\/index.php?rest_route=\/wp\/v2\/users\/1"}],"replies":[{"embeddable":true,"href":"https:\/\/www.flyhukuk.com\/index.php?rest_route=%2Fwp%2Fv2%2Fcomments&post=2816"}],"version-history":[{"count":2,"href":"https:\/\/www.flyhukuk.com\/index.php?rest_route=\/wp\/v2\/pages\/2816\/revisions"}],"predecessor-version":[{"id":2818,"href":"https:\/\/www.flyhukuk.com\/index.php?rest_route=\/wp\/v2\/pages\/2816\/revisions\/2818"}],"wp:attachment":[{"href":"https:\/\/www.flyhukuk.com\/index.php?rest_route=%2Fwp%2Fv2%2Fmedia&parent=2816"}],"curies":[{"name":"wp","href":"https:\/\/api.w.org\/{rel}","templated":true}]}}